 7, what is -3403 + -101231?
-104634
In base 9, what is 14856625 - -4?
14856630
In base 2, what is -10001101 + 101010010101001100?
101010010010111111
In base 2, what is 1000111111110000111110010 + -10111?
1000111111110000111011011
In base 2, what is -1000000 - 1001010101001100101011?
-1001010101001101101011
In base 9, what is 2704417 - -2?
2704420
In base 2, what is -100101110101 - -110010110100?
1100111111
In base 2, what is -1010 + -111000100001101000110?
-111000100001101010000
In base 10, what is -27096781 + -4?
-27096785
In base 6, what is -20502 + -102243?
-123145
In base 3, what is 121 - -211101101222?
211101102120
In base 5, what is -20324 - 10134334?
-10210213
In base 2, what is -1000011010101111010010110101 - 101?
-1000011010101111010010111010
In base 16, what is -24 + af911?
af8ed
In base 9, what is 34044455 - -5?
34044461
In base 7, what is -44355 + 66133?
21445
In base 7, what is -20014456 - -164?
-20014262
In base 6, what is -13023021 - 1?
-13023022
In base 3, what is 10212 - 1200210022?
-1200122110
In base 7, what is 104661 - -61?
105052
In base 3, what is 210120 + 2002012021?
2002222211
In base 14, what is 178c2a - 7ba?
178450
In base 6, what is 420541 + -241?
420300
In base 15, what is 1048 + 442b?
5474
In base 6, what is 31 - -234343320?
234343351
In base 9, what is -1248175 + 0?
-1248175
In base 15, what is -26 + 341e42?
341e1b
In base 9, what is 166761 - 212?
166548
In base 15, what is -7 + -ccdac4?
-ccdacb
In base 10, what is 1796 + -24381?
-22585
In base 13, what is 179046 - -10?
179056
In base 14, what is -178 + -5043?
-51bb
In base 15, what is -7184 + 9b?
-70d8
In base 8, what is -1 - 1517511360?
-1517511361
In base 14, what is a5c172 - 0?
a5c172
In base 10, what is 0 + 170415059?
170415059
In base 7, what is 423365141 - 11?
423365130
In base 10, what is 915201 + 2?
915203
In base 11, what is -31 + 625735?
625704
In base 7, what is -16 + -31232305?
-31232324
In base 6, what is 24133302054 - 0?
24133302054
In base 4, what is 231300 - 1211223?
-313323
In base 15, what is -148a8ec - 13?
-148a910
In base 11, what is 8948 - 12097?
-424a
In base 15, what is -2c1 - 13975?
-13c46
In base 11, what is -12 + -1535695?
-15356a7
In base 12, what is 10 - -13a65039?
13a65049
In base 11, what is -158 + -143781?
-143929
In base 9, what is 3061 + -284754?
-281683
In base 8, what is 104066443 - -14?
104066457
In base 11, what is 7a218553 + -4?
7a21854a
In base 16, what is 13c3330f + 1?
13c33310
In base 12, what is 72b0 + -845?
6667
In base 14, what is -5a8a010 - -2?
-5a8a00c
In base 6, what is -42 - 122550254?
-122550340
In base 2, what is 10000000100101100100001010100 + 11?
10000000100101100100001010111
In base 6, what is 0 + 341135311?
341135311
In base 7, what is -4 + -2505146?
-2505153
In base 8, what is -27 + -12227201?
-12227230
In base 6, what is 35003305045 + -2?
35003305043
In base 15, what is 4ed9e7b - -2?
4ed9e7d
In base 11, what is 2 - 16285a7?
-16285a5
In base 13, what is 1054 - -3331?
4385
In base 9, what is 3441757 - 5?
3441752
In base 9, what is 323 + 13037?
13361
In base 8, what is -15752 + -277477?
-315451
In base 7, what is -61343666 + 106?
-61343560
In base 2, what is -10001 + -100001010100010011100?
-100001010100010101101
In base 9, what is 107 + -200207?
-200100
In base 5, what is -14 + -322314240?
-322314304
In base 7, what is -2 - 26602562?
-26602564
In base 4, what is 101302313300332 - 0?
101302313300332
In base 7, what is -5062424 + 10?
-5062414
In base 7, what is 3 + -565261?
-565255
In base 5, what is 4401403 - -41?
4401444
In base 13, what is -954a7c9 + 3?
-954a7c6
In base 8, what is 44 + -26250110?
-26250044
In base 13, what is -64b0 + 326?
-6187
In base 10, what is -5 + 151694605?
151694600
In base 16, what is ef + 1198a?
11a79
In base 5, what is -2231324322 + 120?
-2231324202
In base 5, what is -3042 + 204340?
201243
In base 5, what is 33201 - 12403130?
-12314424
In base 5, what is 310230 + 102242?
413022
In base 4, what is -1021112113111 + 20?
-1021112113031
In base 9, what is 4463583517 - -3?
4463583521
In base 2, what is -10000000 - 110101000110000101110?
-110101000110010101110
In base 3, what is -1121221102111 + -22001?
-1121221201112
In base 4, what is -2103320202031 - -22?
-2103320202003
In base 14, what is d2 + -13c16?
-13b24
In base 5, what is -13034410030 + 13?
-13034410012
In base 13, what is -50944 - -70?
-508a4
In base 8, what is -1320473615 + 5?
-1320473610
In base 9, what is -36 - 1236204?
-1236241
In base 12, what is -3b552 - -4?
-3b54a
In base 13, what is 31 - 1cc35b?
-1cc32a
In base 10, what is 194555 - -75?
194630
In base 2, what is 1010110010100001010001 + -11?
1010110010100001001110
In base 9, what is 28083 + -388?
27584
In base 4, what is 101010212 - 213330?
100130222
In base 7, what is 12206454 + 622?
12210406
In base 7, what is 5432 + -5400263?
-5361531
In base 14, what is 52 - -2a21a?
2a26c
In base 3, what is -2 + -101100122001101?
-101100122001110
In base 13, what is a + -15b1098?
-15b108b
In base 7, what is 11 - -153516063?
153516104
In base 12, what is 112b64 + 80?
113024
In base 13, what is -3726bbb - 1?
-3726bbc
In base 7, what is 22566 - 603?
21663
In base 10, what is -3 - -17320013?
17320010
In base 6, what is -122253 - 114113?
-240410
In base 12, what is 2 - b6439a?
-b64398
In base 11, what is 34a - -2333?
2682
In base 5, what is 4032 + -2043242?
-2034210
In base 2, what is -101 - 11011000000111111101?
-11011000001000000010
In base 3, what is -2110 + -12021202120?
-12021212000
In base 12, what is a103 - 494?
982b
In base 6, what is -533435 - 345?
-534224
In base 16, what is 159 + 8f5a?
90b3
In base 13, what is -12 + -a7bc0?
-a7c02
In base 15, what is -1bb56 + -88?
-1bbde
In base 3, what is -2000012 - -1012000022?
1010000010
In base 5, what is 304112 + -10?
304102
In base 8, what is 4 - -23441633?
23441637
In base 3, what is 10111201111 - 1020010?
10110111101
In base 2, what is -10101100100100011100110011 - 10?
-10101100100100011100110101
In base 12, what is -12845 - -464?
-123a1
In base 4, what is -11331 + 230321320?
230303323
In base 10, what is -494938 + -116?
-495054
In base 12, what is -522b2 + -2976?
-55068
In base 12, what is -1b28a + 617?
-1a873
In base 5, what is -231211310 - 2143?
-231214003
In base 3, what is 0 - 10011122022200?
-10011122022200
In base 3, what is -111202122212 - -10012?
-111202112200
In base 11, what is 13258 + -128?
13130
In base 11, what is -10024 - -a9?
-aa26
In base 6, what is -120503 + 34124?
-42335
In base 13, what is 1c7c5c + 27?
1c7c86
In base 13, what is 110071 - -92?
110133
In base 12, what is -178356 + 5?
-178351
In base 14, what is 1073c + -156?
105c6
In base 8, what is -2237277 + -23?
-2237322
In base 4, what is -10301320131 - -1?
-10301320130
In base 5, what is 2 - 241212342?
-241212340
In base 13, what is 5 - 11896?
-11891
In base 6, what is -111 + -1132100132?
-1132100243
In base 5, what is -10322 + 1104122?
1043300
In base 10, what is -10945 - -1592?
-9353
In base 16, what is 6 - -14052e?
140534
In base 14, what is -6 - -9aaa2?
9aa9a
In base 16, what is -7bf3 - -e40?
-6db3
In base 16, what is d3e - 3ff56?
-3f218
In base 13, what is -33868b - -17?
-338674
In base 6, what is 225313452 + -102?
225313350
In base 14, what is -4 - ac5cd57?
-ac5cd5b
In base 14, what is 16 - 6c2da?
-6c2c4
In base 10, what is -9968 + -725?
-10693
In base 5, what is -200330420 + -340?
-200331310
In base 6, what is 14 + 2103142?
2103200
In base 4, what is -103223 - 1001101?
-1110330
In base 11, what is -52a29 + -76?
-52aa4
In base 13, what is 1b9b0547 - -3?
1b9b054a
In base 9, what is -68564 + 338?
-68225
In base 8, what is 577 + 46015?
46614
In base 12, what is -6bb144 - -18?
-6bb128
In base 4, what is 2231 - 3220123022?
-3220120131
In base 13, what is 3455 + -5851?
-23c9
In base 4, what is -222223 + 321111?
32222
In base 5, what is 1032220301003 - 3?
1032220301000
In base 8, what is 6032440 + 13?
6032453
In base 16, what is -1a0d3609 - 4?
-1a0d360d
In base 9, what is 814 + -35656?
-34742
In base 16, what is -17dd6 - 1a0?
-17f76
In base 8, what is 464 + -20?
444
In base 13, what is -127 - 8242?
-8369
In base 6, what is -11 + 3220250?
3220235
In base 6, what is 22453111513 + 5?
22453111522
In base 2, what is -1011011011011011110 - 1100?
-101101101101110101